533129?
9
What is the billions digit of 3383228376?
3
What is the units digit of 766312884?
4
What is the units digit of 23651340?
0
What is the ten thousands digit of 39490058?
9
What is the units digit of 127814973?
3
What is the hundred millions digit of 1521256943?
5
What is the ten thousands digit of 55295616?
9
What is the tens digit of 200145258?
5
What is the millions digit of 147624998?
7
What is the hundred millions digit of 210230007?
2
What is the hundreds digit of 21824524?
5
What is the tens digit of 575369302?
0
What is the millions digit of 1489602405?
9
What is the hundreds digit of 37017856?
8
What is the ten millions digit of 3798809927?
9
What is the tens digit of 1465566548?
4
What is the hundred thousands digit of 53412796?
4
What is the millions digit of 312796312?
2
What is the tens digit of 2052597292?
9
What is the hundred thousands digit of 231974725?
9
What is the hundreds digit of 29992014?
0
What is the ten thousands digit of 23412502?
1
What is the hundreds digit of 2962340811?
8
What is the thousands digit of 285087284?
7
What is the millions digit of 634455079?
4
What is the millions digit of 263796599?
3
What is the units digit of 273907702?
2
What is the millions digit of 72047117?
2
What is the hundred thousands digit of 92676658?
6
What is the ten thousands digit of 69964752?
6
What is the hundred thousands digit of 416164951?
1
What is the hundreds digit of 28726862?
8
What is the billions digit of 3466261142?
3
What is the hundred millions digit of 638686754?
6
What is the hundred millions digit of 317494131?
3
What is the millions digit of 28324654?
8
What is the hundred thousands digit of 65072851?
0
What is the ten thousands digit of 151492782?
9
What is the ten thousands digit of 38221526?
2
What is the billions digit of 2276491982?
2
What is the millions digit of 108311238?
8
What is the ten millions digit of 727289960?
2
What is the units digit of 3120386983?
3
What is the units digit of 76580514?
4
What is the thousands digit of 411154052?
4
What is the ten millions digit of 21054489?
2
What is the tens digit of 1047449508?
0
What is the millions digit of 162869387?
2
What is the millions digit of 15558368?
5
What is the ten thousands digit of 11570303?
7
What is the thousands digit of 494248556?
8
What is the millions digit of 3909068082?
9
What is the millions digit of 557236256?
7
What is the hundred thousands digit of 1194955314?
9
What is the millions digit of 2455324577?
5
What is the hundreds digit of 4502000962?
9
What is the tens digit of 38501656?
5
What is the tens digit of 24733238?
3
What is the ten millions digit of 34090551?
3
What is the hundred millions digit of 1538347338?
5
What is the thousands digit of 96764463?
4
What is the tens digit of 274245109?
0
What is the ten millions digit of 2324383477?
2
What is the tens digit of 134423795?
9
What is the millions digit of 6798447968?
8
What is the tens digit of 225810782?
8
What is the tens digit of 97939412?
1
What is the hundred thousands digit of 56809806?
8
What is the units digit of 59065510?
0
What is the ten millions digit of 506675566?
0
What is the ten millions digit of 712755545?
1
What is the thousands digit of 5123272282?
2
What is the thousands digit of 579016175?
6
What is the tens digit of 4628307188?
8
What is the hundred thousands digit of 128465701?
4
What is the ten millions digit of 80736461?
8
What is the units digit of 339313323?
3
What is the millions digit of 543830254?
3
What is the ten millions digit of 232759010?
3
What is the millions digit of 178275218?
8
What is the ten thousands digit of 33297985?
9
What is the ten thousands digit of 347358517?
5
What is the ten millions digit of 356502475?
5
What is the thousands digit of 158974608?
4
What is the units digit of 693153660?
0
What is the hundred thousands digit of 2131216010?
2
What is the tens digit of 3672092117?
1
What is the hundred thousands digit of 291030709?
0
What is the hundred millions digit of 5898180126?
8
What is the hundreds digit of 90859272?
2
What is the hundreds digit of 2185211813?
8
What is the hundred thousands digit of 1209271406?
2
What is the thousands digit of 1120527?
0
What is the hundreds digit of 113704415?
4
What is the hundred thousands digit of 835049537?
0
What is the ten millions digit of 232575243?
3
What is the ten thousands digit of 717391367?
9
What is the hundred millions digit of 159843725?
1
What is the hundred thousands digit of 4005729?
0
What is the ten thousands digit of 87361185?
6
What is the millions digit of 98735170?
8
What is the hundreds digit of 639879862?
8
What is the hundreds digit of 155137778?
7
What is the ten thousands digit of 1553543798?
4
What is the tens digit of 64868326?
2
What is the hundred thousands digit of 63018673?
0
What is the hundred thousands digit of 522527270?
5
What is the millions digit of 287249496?
7
What is the ten millions digit of 134154795?
3
What is the thousands digit of 2492176651?
6
What is the ten millions digit of 218503627?
1
What is the hundred thousands digit of 57742791?
7
What is the billions digit of 5839528962?
5
What is the thousands digit of 3694621242?
1
What is the ten millions digit of 309274246?
0
What is the ten thousands digit of 244833666?
3
What is the hundred thousands digit of 423922557?
9
What is the tens digit of 104316312?
1
What is the hundreds digit of 1520424858?
8
What is the hundred thousands digit of 1787961428?
9
What is the hundreds digit of 36186449?
4
What is the ten thousands digit of 1293418954?
1
What is the thousands digit of 786535905?
5
What is the tens digit of 4814244580?
8
What is the hundred millions digit of 682779012?
6
What is the ten millions digit of 2462700160?
6
What is the millions digit of 14317369?
4
What is the hundred thousands digit of 3312450359?
4
What is the hundreds digit of 2686121003?
0
What is the hundred millions digit of 132587012?
1
What is the tens digit of 134618278?
7
What is the hundreds digit of 4012897333?
3
What is the hundred millions digit of 4159141749?
1
What is the billions digit of 6076789683?
6
What is the ten thousands digit of 1713752026?
5
What is the tens digit of 79880524?
2
What is the units digit of 178166457?
7
What is the tens digit of 598344?
4
What is the units digit of 129813985?
5
What is the units digit of 2884440?
0
What is the tens digit of 21622389?
8
What is the ten thousands digit of 7401511?
0
What is the billions digit of 1001607550?
1
What is the thousands digit of 39154645?
4
What is the tens digit of 810366456?
5
What is the millions digit of 111174893?
1
What is the hundred thousands digit of 186137717?
1
What is the hundreds digit of 5795484?
4
What is the ten millions digit of 548592801?
4
What is the hundreds digit of 15990837?
8
What is the millions digit of 28598555?
8
What is the millions digit of 523950544?
3
What is the hundreds digit of 3122070363?
3
What is the hundred millions digit of 283187871?
2
What is the hundred millions digit of 121444792?
1
What is the millions digit of 1145068329?
5
What is the thousands digit of 128587629?
7
What is the units digit of 124979659?
9
What is the hundred thousands digit of 63847732?
8
What is the ten thousands digit of 1917099174?
9
What is the units digit of 429148898?
8
What is the ten millions digit of 81566944?
8
What is the millions digit of 96949694?
6
What is the hundred thousands digit of 41677845?
6
What is the hundreds digit of 794953359?
3
What is the hundreds digit of 46362553?
5
What is the thousands digit of 394368229?
8
What is the units digit of 317682533?
3
What is the units digit of 157546781?
1
What is the tens digit of 5212245015?
1
What is the tens digit of 419549618?
1
What is the thousands digit of 157007930?
7
What is the millions digit of 4295771918?
5
What is the tens digit of 131319140?
4
What is the millions digit of 69210280?
9
What is the thousands digit of 192649078?
9
What is the billions digit of 1444562855?
1
What is the ten thousands digit of 134911792?
1
What is the hundred thousands digit of 352788073?
7
What is the thousands digit of 3015448570?
8
What is the units digit of 1189898787?
7
What is the hundreds digit of 369003289?
2
What is the tens digit of 142215831?
3